9*v(k). Determine x(18).
-12
Let b be ((-3)/(-8))/((-683)/16392). Let s(i) = -i**2 - 11*i - 14. Give s(b).
4
Let s(c) be the second derivative of -c**5/60 + c**4/4 - 71*c**3/6 - 5*c - 2. Let w(b) be the second derivative of s(b). Give w(3).
0
Suppose v = 1, -3*v = q - 2*q + 11. Let x(b) = b**2 + 34 + q - b - 47. Determine x(3).
7
Let t = 521 - 437. Let h(m) = -t - 90 + m + 250 - 86. Give h(12).
2
Let w(t) be the first derivative of -t**3/3 + 7*t**2 + 48*t + 172. Let o be w(17). Let b(f) = -f**3 - 4*f**2 - 5*f - 4. Give b(o).
2
Let c(u) = -u + 6. Suppose 0 = i - 4*i + 15. Suppose -v = -3*v - 2*f + 42, 3*v - 2*f = 58. Suppose -r + i = 3*j + v, -j - 5 = -r. Determine c(r).
6
Let x(n) = -n - 2. Let r be x(3). Let g(q) = 168 + q + 0*q + 2*q - 2*q**2 - 166 + 3*q**2. Determine g(r).
12
Let u(c) = -29*c**2 + c**3 + 68*c**2 - 31*c**2 - 24*c**2 + 10*c + 50*c - 3. Calculate u(10).
-3
Let g(z) = -9*z + 18*z - 22*z + 2 + 15*z. Give g(-1).
0
Suppose 0 = 2*h - 10, -6*p = -3*p - h - 4. Let o(y) = 10*y**2 + 4 - 3*y**2 + p + 3*y - 15*y - 9*y**2. What is o(-7)?
-7
Let o(p) = 31*p + 213. Suppose 10 = -2*l + 8, -4*h - 23 = -5*l. Calculate o(h).
-4
Let w(j) = j**3 + 8*j**2 + j + 7. Let p be (-24)/15*-10*(-5)/20. Let r be p/((36/(-8))/(-9)). Determine w(r).
-1
Let o(x) = x + 7. Let j(g) = g**2 + 2. Let s(c) = 8*c**2 - 3*c + 2. Let w(m) = -2*j(m) + s(m). Let y be w(2). Let a be (24/y)/((-3)/12). What is o(a)?
1
Suppose 5*r + 11 = 46. Let d(p) = -6*p**2 - p - 4*p - 2*p**3 - p**3 + 2*p**3 + r. Suppose 14*g + 55 + 15 = 0. What is d(g)?
7
Let o be ((-34)/(-51))/(((-30)/(-9))/5). Let g(n) = 3*n**2 - 6*n + 5. What is g(o)?
2
Suppose -u = -5*u - 4. Let v(d) = 12*d**3 - 5*d**2 - 12*d - 16. Let n(i) = -i**3 - i**2 - 2*i - 3. Let g(k) = 5*n(k) - v(k). Calculate g(u).
16
Let t = -814542 - -814553. Let r(x) = -2*x + 17. Let c(b) = -10*b + 86. Let n(a) = -2*c(a) + 11*r(a). Determine n(t).
-7
Let i(l) be the first derivative of 188 - 3*l**2 + 0*l - 1/3*l**3. Let v = -9 - -3. Calculate i(v).
0
Suppose -5*k - 418 + 163 = 0. Let n = k + 45. Let g be 950/(-125) - n/10. Let a(u) = u + 11. Calculate a(g).
4
Let b(o) be the second derivative of -8*o**3/3 - 3*o**2 + o + 1659. Give b(-2).
26
Let a(w) be the second derivative of 5*w**3/3 + 151*w**2 - 103*w + 4. Determine a(-31).
-8
Let k(b) = -b**2 - 7*b. Let p be k(-6). Let f(l) be the second derivative of -l**3/3 + l**2 + 28224*l. Give f(p).
-10
Let t(g) be the third derivative of -g**5/30 + 7*g**4/24 + 2*g**3/3 - 59*g**2 + 15. What is t(3)?
7
Let x = -81 + 37. Let q = 47 + x. Let h(a) = -2*a - 18 + q*a**2 + 14 - a**2. Calculate h(3).
8
Let s(x) = -158*x - 14. Let j(b) = 190*b + 13. Let z(p) = 5*j(p) + 6*s(p). What is z(6)?
-7
Suppose -56 = 170*k - 178*k. Let z(v) = v**3 - 6*v**2 - 5*v - 1. Calculate z(k).
13
Let s(j) = j**3 + 6*j**2 + 8*j + 4. Let b(z) = z + 11. Let k be b(-11). Suppose 0 = -72*l - 61*l + 665. Suppose k*u - l = u. Give s(u).
-11
Let a(w) = -w + 8. Suppose -2*b = -84 + 62. Suppose b*c - 104 = 24*c. Calculate a(c).
16
Suppose -18 = 2*h - 4*x, 458*h - 4*x = 462*h - 36. Let m(g) be the second derivative of g**4/6 - 2*g**3/3 + 2*g**2 - g. Give m(h).
10
Let t(g) = -17*g + 65. Suppose 211*o + 261*o - 1888 = 0. What is t(o)?
-3
Let z be 24 - (-9)/((-9)/2). Let n(p) = -51 + 28 + z + p. Let g(q) = 5*q + 1. Let a be g(1). Give n(a).
5
Let r(m) be the first derivative of m**4/6 + 11*m**3/6 + m**2/2 - 156*m + 88. Let g(n) be the second derivative of r(n). What is g(-5)?
-9
Let d(n) = -2*n + 4. Suppose 15*a = 1510 + 845. Let w = 161 - a. Calculate d(w).
-4
Suppose w - q - 10 = q, -2*w = -3*q - 15. Let i(v) = -v**2 - 3*v - 3. Let t(p) = 1. Let j(o) = i(o) - 3*t(o). Calculate j(w).
-6
Let h(a) = -6*a - 1. Let d = 4 + 1. Suppose -2*n + 10 = -2*z, -z = 2*n + n - 11. Let o(i) = -i - 1. Let w(y) = d*o(y) + z*h(y). Give w(8).
4
Let m(x) = -x**2 - 9*x + 6. Let i(y) = -1. Suppose -24*f + 34*f - 20 = 0. Let b(c) = f*i(c) + m(c). Determine b(-9).
4
Let l(h) = -214*h + 13. Let i(a) = 95*a - 7. Let s(p) = -9*i(p) - 4*l(p). Calculate s(-5).
6
Let v(b) be the first derivative of 4*b**3 + 5*b**2 + 13*b + 12131. Calculate v(-1).
15
Let i(t) = -47*t - 370. Suppose 29 = -k - 3*b, -9 = 4*k - 2*b + 9. What is i(k)?
6
Suppose -4*n + 470 = -x + 450, 0 = -n + 5*x + 24. Let v(l) be the first derivative of -n*l**2 - 14 + l - 1/3*l**3. Determine v(-6).
13
Let l(k) = -2*k**3 + 89*k**2 + 43*k + 101. Let c be l(45). Let d(y) = -y**2 + 22*y - 117. Determine d(c).
4
Let s(i) = 7*i**2 - 4*i - 35. Let h(y) = 13*y**2 - 8*y - 65. Suppose -3*j = 11*t - 6*t + 28, -2*j + 4*t - 4 = 0. Let x(l) = j*h(l) + 11*s(l). Calculate x(4).
5
Let q(v) = 14*v**3 - 43*v**2 + 52*v - 109. Let i(z) = 3*z**3 + z**2 + z - 4. Let l(c) = 5*i(c) - q(c). Determine l(-49).
-9
Suppose -216 + 226 = -3*s + 5*a, -3*s - a - 16 = 0. Let j = -4 - -7. Let d(k) = j*k - 4*k + 2*k + 7. Calculate d(s).
2
Let t(o) = 21*o**2 - 1. Suppose -4*d - 2 = -66. Suppose -7 = 9*h - d. What is t(h)?
20
Suppose -24*d + 32*d - 48 = 0. Suppose 0 = -2*c + 3*c - 4. Let r(g) = -c*g - 8 + 3*g + 10. Give r(d).
-4
Suppose 16*q + 21*q - 3*q + 136 = 0. Let a(m) be the first derivative of -m**4/4 - 4*m**3/3 - m + 14. Determine a(q).
-1
Let z be 3*(-6)/27*3. Let p(n) = -4*n**3 - 1 - 31*n - 5*n**2 + 2*n**2 + 5*n**2 + 33*n - 3*n**2. Give p(z).
23
Let z(f) = -3*f**2 - 2*f - 1. Suppose -4*v + 3*j = -57, -j + 4*j = 3*v - 45. Suppose 13*u = -v*u - 50. Determine z(u).
-9
Let x(y) = y - 16. Let k be x(6). Let t be -2*3/15 + (-264)/k. Let b(p) = -t*p**2 + 53*p**2 - 5 - 26*p**2 + p. Give b(-4).
7
Let b be (-28)/(2*18/18). Let j(y) = -2*y**2 - 30*y - 29. Give j(b).
-1
Let y(g) = 2*g**2 - 2*g - 3. Let p(l) = -35*l + 13. Let q be p(3). Let h = 96 + q. Determine y(h).
21
Suppose -3*h - 18 = 0, a - 5*h = -3*a + 54. Let d(b) = -b**2 + 10*b + 14. Calculate d(a).
38
Suppose -34*b + 46*b = 48. Let w(g) = 5*g - b + 7*g - 18*g + 10*g. Give w(-3).
-16
Let v(c) = -c**2 + 5*c + 5. Suppose 218*w - 158*w = 660. Suppose 0 = -3*m + 70 + 35. Suppose 0 = 6*i - w*i + m. What is v(i)?
-9
Let z(i) = i**2 - 10*i + 10. Suppose 0 = 5*b + y - 26, 3*y - 6 = 2*b - 13. Suppose h + 2*r = 0, h - 3*r + 20 = b*h. Give z(h).
-6
Let r(a) be the third derivative of -a**6/120 - a**5/20 + a**4/3 + a**3/2 + 2*a**2 + 5200. Let n(g) = g**2 + 9*g + 3. Let h be n(-8). What is r(h)?
13
Let f(t) be the second derivative of t**3/6 - 5*t**2 + 1926*t. Determine f(4).
-6
Let y(x) = x**3 + 12*x**2 + 12*x + 13. Let s(o) = o**2 + 22*o + 94. Let m(r) = -39*r + 24. Let w be m(1). Let b be s(w). Calculate y(b).
2
Let a(l) = 2*l + 12. Suppose -5*c + 3*f = -245, 0 = 2*c - c - 5*f - 27. Suppose 4*u + c = 2*x, -5*u - 2*x = -4*u + 3. What is a(u)?
-10
Let g(t) = 89*t + 5. Let x(c) = 97*c + 5. Let j(r) = 12*g(r) - 11*x(r). Let a(u) = u**3 + 8*u**2 + 5*u - 6. Let v be a(-7). Let h be v/6*9/(-2). What is j(h)?
-1
Let m(p) be the second derivative of p**4/12 + 5*p**3/3 - 23*p**2/2 + 2*p + 55. Calculate m(2).
1
Let u(s) = -6*s**2 - 3*s - 2. Let t(c) = -98*c - c**2 + 51*c + 7 + 49*c. Let n be t(4). Give u(n).
-5
Let v(l) = -4 + 116071*l - l**2 + 116068*l - 232136*l + l**3. Suppose 2*j - 6*j + 12 = 0. Determine v(j).
23
Suppose -10*h - 60 = -6*h + 5*r, -3*r = 4*h + 60. Let a be (-6)/h + 28/(-70). Let b(y) = -y**2 - y + 6. What is b(a)?
6
Let j(l) = -15*l + 20. Let y be (11 - -3) + -15 + 2. Determine j(y).
5
Let z(w) = 66882*w**3 - 3*w**2 + w - 66883*w**3 + 1 - 2*w. Give z(-1).
0
Let i(k) = -k - 3. Let o be i(-9). Let d(g) = g**2 + o + 13*g + 14 + g + 4*g + 3. What is d(-16)?
-9
Let w(q) be the first derivative of -5*q**2/2 - 61*q + 1929. Give w(-14).
9
Let n(l) = 2*l**2 - 236*l - 21361. Let g be n(-60). Let b(m) be the second derivative of -1/2*m**2 + 0 + 2*m - 13/6*m**3. Determine b(g).
12
Suppose 0 = -23*p + 24*p - 3. Suppose 38 = p*q + 32. Let x(k) = -k**q - 8 - 2*k**3 + 1 + 3 + k**3 + 5*k. What is x(3)?
-25
Let u(i) = i**2 - 5*i - 1. Let q(w) = 6*w**2 - 24*w - 3. Suppose -15*h = -9*h - 12. Let l(t) = h*q(t) - 11*u(t). Calculate l(-6).
-1
Let c(t) = 100*t - 30*t**2 + 15*t**2 - 3 + 16*t**2 - 104*t. Calculate c(4).
-3
Let r be ((-154)/(-44))/(10 - -2 - -2). Let h(o) be the first derivative of -5*o - r*o**4 - 1 - 7/3*o**3 - 1/2*o**2. Calculate h(-7).
2
Let a(b) be the second derivative of b**5/20 - b**4/3 